{"id":2368,"date":"2023-09-03T18:39:40","date_gmt":"2023-09-03T16:39:40","guid":{"rendered":"https:\/\/www.thefamousbus.fr\/?page_id=2368"},"modified":"2023-10-11T21:31:18","modified_gmt":"2023-10-11T19:31:18","slug":"conditions-dutilisation","status":"publish","type":"page","link":"https:\/\/www.thefamousbus.fr\/?page_id=2368","title":{"rendered":"Conditions d&rsquo;utilisation"},"content":{"rendered":"\n<p><strong>Conditions d&rsquo;Utilisation<\/strong><\/p>\n\n\n\n<p>Derni\u00e8re mise \u00e0 jour : 03\/09\/2023<\/p>\n\n\n\n<p>Bienvenue sur le site internet de \u00ab\u00a0The Famous Bus\u00a0\u00bb (ci-apr\u00e8s d\u00e9nomm\u00e9 \u00ab\u00a0nous\u00a0\u00bb, \u00ab\u00a0notre\u00a0\u00bb ou \u00ab\u00a0notre food truck\u00a0\u00bb). En utilisant notre site internet, vous acceptez de vous conformer aux pr\u00e9sentes conditions d&rsquo;utilisation. Si vous n&rsquo;acceptez pas ces conditions, veuillez ne pas utiliser notre site.<\/p>\n\n\n\n<p><strong>1. Utilisation du Site<\/strong><\/p>\n\n\n\n<p>1.1. Vous acceptez d&rsquo;utiliser notre site internet uniquement \u00e0 des fins l\u00e9gales et conform\u00e9ment \u00e0 ces conditions d&rsquo;utilisation.<\/p>\n\n\n\n<p>1.2. Vous ne devez pas utiliser notre site d&rsquo;une mani\u00e8re qui pourrait endommager, d\u00e9sactiver, surcharger ou compromettre la s\u00e9curit\u00e9 de notre site ou interf\u00e9rer avec l&rsquo;utilisation et la jouissance de notre site par d&rsquo;autres utilisateurs.<\/p>\n\n\n\n<p><strong>2. Confidentialit\u00e9<\/strong><\/p>\n\n\n\n<p>2.1. Notre politique de confidentialit\u00e9 explique comment nous collectons, utilisons et partageons vos informations. En utilisant notre site, vous consentez \u00e0 cette collecte, utilisation et partage, comme d\u00e9crit dans notre politique de confidentialit\u00e9.<\/p>\n\n\n\n<p><strong>3. Propri\u00e9t\u00e9 Intellectuelle<\/strong><\/p>\n\n\n\n<p>3.1. Le contenu de notre site, y compris les textes, images, vid\u00e9os, logos et autres \u00e9l\u00e9ments, est prot\u00e9g\u00e9 par les lois sur la propri\u00e9t\u00e9 intellectuelle et est la propri\u00e9t\u00e9 de \u00ab\u00a0The Famous Bus\u00a0\u00bb. Vous ne pouvez pas utiliser, copier ou reproduire ces \u00e9l\u00e9ments sans notre autorisation pr\u00e9alable \u00e9crite.<\/p>\n\n\n\n<p><strong>4. Liens vers des Sites Tiers<\/strong><\/p>\n\n\n\n<p>4.1. Notre site peut contenir des liens vers des sites internet de tiers. Nous ne sommes pas responsables du contenu ou de la politique de confidentialit\u00e9 de ces sites et ne les approuvons pas. L&rsquo;utilisation de ces liens est \u00e0 vos propres risques.<\/p>\n\n\n\n<p><strong>5. Limitation de Responsabilit\u00e9<\/strong><\/p>\n\n\n\n<p>5.1. Dans toute la mesure permise par la loi, nous d\u00e9clinons toute responsabilit\u00e9 pour les dommages directs, indirects, accessoires, sp\u00e9ciaux, cons\u00e9cutifs ou punitifs r\u00e9sultant de votre utilisation ou de l&rsquo;incapacit\u00e9 d&rsquo;utiliser notre site.<\/p>\n\n\n\n<p><strong>6. Modification des Conditions d&rsquo;Utilisation<\/strong><\/p>\n\n\n\n<p>6.1. Nous nous r\u00e9servons le droit de modifier ces conditions d&rsquo;utilisation \u00e0 tout moment. Les modifications prendront effet d\u00e8s leur publication sur notre site. Il est de votre responsabilit\u00e9 de consulter r\u00e9guli\u00e8rement ces conditions pour prendre connaissance des modifications \u00e9ventuelles.<\/p>\n\n\n\n<p><strong>7. Contact<\/strong><\/p>\n\n\n\n<p>7.1. Pour toute question concernant ces conditions d&rsquo;utilisation, veuillez nous contacter \u00e0 l&rsquo;adresse suivante : voir bas de page<\/p>\n\n\n\n<p>Nous vous remercions de votre visite sur notre site internet \u00ab\u00a0The Famous Bus\u00a0\u00bb et de votre int\u00e9r\u00eat pour notre food truck. Nous esp\u00e9rons que vous appr\u00e9cierez votre exp\u00e9rience avec nous !<\/p>\n","protected":false},"excerpt":{"rendered":"<p>Conditions d&rsquo;Utilisation Derni\u00e8re mise \u00e0 jour : 03\/09\/2023 Bienvenue sur le site internet de \u00ab\u00a0The Famous Bus\u00a0\u00bb (ci-apr\u00e8s d\u00e9nomm\u00e9 \u00ab\u00a0nous\u00a0\u00bb, \u00ab\u00a0notre\u00a0\u00bb ou \u00ab\u00a0notre food truck\u00a0\u00bb). En utilisant notre site internet, vous acceptez de vous conformer aux pr\u00e9sentes conditions d&rsquo;utilisation. Si vous n&rsquo;acceptez pas ces conditions, veuillez ne pas utiliser notre site. 1. Utilisation du Site&#8230;<\/p>\n","protected":false},"author":2,"featured_media":0,"parent":0,"menu_order":0,"comment_status":"closed","ping_status":"closed","template":"","meta":{"_kadence_starter_templates_imported_post":false,"_kad_post_transparent":"","_kad_post_title":"","_kad_post_layout":"","_kad_post_sidebar_id":"","_kad_post_content_style":"","_kad_post_vertical_padding":"","_kad_post_feature":"","_kad_post_feature_position":"","_kad_post_header":false,"_kad_post_footer":false,"footnotes":""},"jetpack_sharing_enabled":true,"_links":{"self":[{"href":"https:\/\/www.thefamousbus.fr\/index.php?rest_route=\/wp\/v2\/pages\/2368"}],"collection":[{"href":"https:\/\/www.thefamousbus.fr\/index.php?rest_route=\/wp\/v2\/pages"}],"about":[{"href":"https:\/\/www.thefamousbus.fr\/index.php?rest_route=\/wp\/v2\/types\/page"}],"author":[{"embeddable":true,"href":"https:\/\/www.thefamousbus.fr\/index.php?rest_route=\/wp\/v2\/users\/2"}],"replies":[{"embeddable":true,"href":"https:\/\/www.thefamousbus.fr\/index.php?rest_route=%2Fwp%2Fv2%2Fcomments&post=2368"}],"version-history":[{"count":1,"href":"https:\/\/www.thefamousbus.fr\/index.php?rest_route=\/wp\/v2\/pages\/2368\/revisions"}],"predecessor-version":[{"id":2369,"href":"https:\/\/www.thefamousbus.fr\/index.php?rest_route=\/wp\/v2\/pages\/2368\/revisions\/2369"}],"wp:attachment":[{"href":"https:\/\/www.thefamousbus.fr\/index.php?rest_route=%2Fwp%2Fv2%2Fmedia&parent=2368"}],"curies":[{"name":"wp","href":"https:\/\/api.w.org\/{rel}","templated":true}]}}